 2 + -12 + -2
-19
Evaluate 13 - (8 + 5 - (18 + -10) - 1) - -26.
35
-46 - (-20 + 7 + -94)
61
(24 + (-8 - 11) - 60) + -2 + 15
-42
Calculate (-1 - 75) + -3 + (89 - 83 - (-1 - -3)).
-75
What is 64 + (57 - 206) + 67?
-18
What is 2 - 4 - (-2 - (7 + -10 - 3) - -44)?
-50
What is 7 + (-56 - (-3 - (12 - (2 + (15 - 7)))))?
-44
What is the value of 13 - 11 - -3 - (-2 - -57 - -4)?
-54
Evaluate -1134 + 1125 + (-1 + 0 - (3 + 0 + -83)).
70
Calculate (0 - -65) + (-13632 - -13545).
-22
-16 - (-35 + 21) - -4 - 49
-47
What is the value of -14 - (70 + 20) - -7?
-97
What is (1 - -8) + (51 - (-33 - -145))?
-52
Calculate -30 - -16 - (4 + -6 + -4).
-8
Calculate 16 - (-4 + 33 - (102 - 100)) - -53.
42
What is -3561 + 3573 + (19 - 0 - (4 + -3))?
30
19 + 0 - (-1360 - -1379) - (6 - 1)
-5
Calculate 8156 + -8169 + (17 - (-1 + 0)).
5
What is the value of -307 + 323 - (4 - -5)?
7
Evaluate -11 + (6 - 7 - -4) - -61.
53
3 + 90 + -2636 + 2675
132
What is the value of (8 - (-15 + 23)) + 13 + -84?
-71
Evaluate -44 + 48 + -21 - -2.
-15
-54 + (26 - -17) + 0
-11
Evaluate -15 + (7 - 2) + 6 - (7 + (-9 - -4)).
-6
What is (-22 - -22) + -32 + 12 + 5?
-15
What is 16 - (-19 - (13 + 8) - -25)?
31
What is (24 - -43) + -13 + (-14 + 10 - -12)?
62
3 + -3 - (70 - (26 + -32))
-76
Calculate -23 + -589 + 610 + (-39 - (0 + -3)).
-38
Calculate 487 + -480 + (2 - -1 - (50 + -4 - -5)).
-41
What is the value of 15 - (61 + (-49 - 5))?
8
What is -12 + (-21 - -20 - -87)?
74
98 + -121 - (14 - 46)
9
What is (-20 - (-33 + (25 - 24))) + 11?
23
Calculate (20 - 7) + (1 - (-9 + (5 - 0) - -1)).
17
Evaluate 25 + ((5 - 15) + -31 - -28).
12
What is the value of 62 + -46 + 73 + -87?
2
Evaluate -6 + 18 + 30 + -78.
-36
50 - 10 - (496 - 548)
92
What is the value of (36 - -21) + -70 - (-12 - 3)?
2
What is the value of 12 + -1 + -29 + -5 - (-6 + 15)?
-32
Calculate 10 - (34 + (20 - 85)).
41
What is the value of -2 + -15 - (-1 + -6 + 95 + 0)?
-105
What is 208 - ((362 - 130) + -86)?
62
Calculate 0 + -46 - (-1343 - -1308).
-11
Calculate (1 - -22) + -11 + (14 - 3) + 4.
27
What is 16 + (6 + (-16 - -17) - 24) - -12?
11
84 + -42 + -15 + 4 - 2 - 5
24
25 + 23 + -101 - 33
-86
Calculate 67 + (15 - 31) - (62 - 21).
10
What is the value of -4 + (-14 - (8 + -36)) + -71 + 14?
-47
Calculate 18 + 18 + (-38 - -5) + 11.
14
What is the value of 4 - (-7 - -6) - (40 - ((6 - -1) + -1))?
-29
Calculate 23 + (-41 - -29) + 13 + 3.
27
What is the value of (-11 - -7) + 18 + (-9 - (-13 + 11))?
7
Evaluate (-106 - -54) + 56 + -72.
-68
What is the value of 79 - (5 - -18) - 35?
21
Evaluate 153 + (-27 - -97) + -150.
73
40 - (17 + 8 + -18) - 12
21
-57 + 19 - -75 - 43
-6
Calculate 10 + (16 - (-1 + -18 - -40)).
5
32 + (6 - -1) + (31 + -21 - 13)
36
What is 2 - -22 - (62 - (9 + -14))?
-43
-22 + (2 - -32) + -28 - (0 + -78)
62
What is the value of (-41 - -66) + -5 - 25?
-5
What is the value of 46 + (1 - -20) + -15 + 1 + -2?
51
What is -2 - -14 - ((106 - 31) + -72)?
9
Evaluate -737 - -647 - (-120 + 12).
18
What is (-1 + 34 - (52 + -34)) + 35?
50
What is (-71 - -2) + -3 - (1838 + -1837)?
-73
What is (2 - (27 + (-18 - -30))) + (6 - 0)?
-31
19 - (-12 - ((34 - 23) + -51))
-9
Evaluate -29 + (-27 - -3) + -496 + 550.
1
Evaluate 12 - (139 + -26 + 3) - -13.
-91
What is -25 + 14 + -26 - (-25 + (19 - 10))?
-21
What is the value of (-27 + 24 + -49 + 53 - (0 - 7)) + 12?
20
Evaluate -1019 - -1008 - ((-4 - -1) + (16 - -2)).
-26
Calculate (103 + -90 - 2 - (19 - 1)) + 56.
49
Evaluate -13 + (23 - -1) - (17 - (16 - (21 - 9))).
-2
3 - (-3 + 10 - (1 + -1) - (-157 - -163))
2
Calculate (-1 + -2 + (7 - 4) - 42) + -5.
-47
What is -11 + 1 - (-87 - (-2 - 1 - (-133 + 141)))?
66
(-4 - (9 + -25 + -9)) + -26
-5
-21 + 16 + (52 - -39) - 2
84
Evaluate (4 + 3 + -9 - -22) + 1596 + -1747.
-131
What is 46 + -48 - -27 - 26?
-1
1 + -33 + (22 - 8)
-18
What is the value of -21 + (28 + -1 - (5 - -8)) + 7?
0
What is (-2 + 10 - 6) + (98 - -1) - (465 - 456)?
92
What is the value of 51 + 5 + -8 + (-409 - -389)?
28
-34 - (3 + (-3 - -1) - (-12 - -25))
-22
What is -76 - (140 + -373 - -111)?
46
What is the value of (3 - (1 - (2 - 3))) + (1251 - 1253)?
-1
Evaluate (-65 - (-4 + 0)) + -11 + (8 + 14 - 3).
-53
What is 0 + -19 + (-108 - (-52 - 54))?
-21
Evaluate -2 + -57 + (-6 - (-11 - (-26 + 9)) - -14).
-57
What is the value of (-21 - (22 + -4)) + -2 + 15?
-26
What is the value of -1 + 3 + (-69 - -4 - -123)?
60
Calculate 34 + (-21 - -53 - 21).
45
1 + -19 + (79 - (113 + -78))
26
Evaluate (21 - -2) + (145 - 151) - (-1 + 11).
7
What is -27 + (4 - (24 + (-12 - 1) + 8)) + -12?
-54
What is 0 + -14 - (-88 + (15 + 15 - 18))?
62
-20 + -15 + 28 + (-6 + 7 - -42)
36
Calculate -9 - (-1 + 1 + -1 + 15 + -4).
-19
What is the value of (10 - -21) + (0 - 6) - (-58 - -23 - -25)?
35
Calculate (-2 + 3 - (3 - 9)) + 8 + 7.
22
28 + -33 - (50 + (-1 - -3) + 3 + -2)
-58
What is 4 - -2 - (7 - (-22 - -15) - 2) - 1?
-7
Calculate 10 - (0 + 0 - 5 - ((-11 - -26) + -47)).
-17
Calculate 36 + (42 - 21) - 73.
-16
27 - (1 + -6 - (5 + (-4 + -6 - -9)))
36
Calculate 11 + -4 - 2 - (-40 + 9 + -16).
52
What is -26 + -3 + 12 + 14?
-3
What is 3 + 6 + 3 - (-16 - -3 - (-40 - 47))?
-62
What is (2 - (3 + -4)) + 6 - (58 - -28) - 13?
-90
Calculate -37 + (-3 - (-9 + 1)) - 1.
-33
What is 6 + (139 - 132 - (-1 - -5)) - (-42 - 0)?
51
733 + -782 + (23 + 3 - 5)
-28
(-27 - -25) + -42 - -27
-17
Evaluate 6 + (-14 + -4 - -4 - (-66 - (29 + -51))).
36
Calculate -2608 + 2560 + (2 + -2 - -3).
-45
What is the value of (4 + -11 + -1 - -3) + -53?
-58
What is (14 - (13 - 27)) + -20 - (1 - 1)?
8
Evaluate (32 - (-53 - -68)) + -36.
-19
What is (-5 - 6) + 7 - (-1 + -40)?
37
What is -93 + -21 + (-29 - -35) + 28?
-80
-21 - (18 + 0 - -13 - -21)
-73
What is the value of 2 - 23 - -32 - (1 + -1 + -40)?
51
Evaluate (114 - 1) + 81 + 9 + -117.
86
Evaluate -37 + 30 - (2 + 56 + -3 + -3).
-59
Evaluate -61 + (119 - -36) - 72.
22
What is 25 + 7 + -3 - (28 + -37 + 22) - 104?
-88
What is the value of 10 + 43 + (165 - 163) + -5 + -1?
49
What is the value of -123 - -98 - (34 - 62)?
3
-10 + (-3 - -4) + (-20 - (-6 + -45))
22
Evaluate -12 - (4 - -6 - (40 - 1)) - 4 - -75.
88
Calculate 11 + 33 + (-48 - (-15 - -5)).
6
35 + 7 + (427 - 433) + (-2 - 1 - 4)
29
Calculate 81 + (-113 - (-30 + -26)).
24
What is 22 - (4 - (-2 + 26) - 5)?
47
Evaluate -31 - (71 - 11 - 54).
-37
20 + -3 + 2 + (-1592 - -1582) - 44
-35
What is -1 + -1 + 11 - (-24 + 56 - 0)?
-23
What is 146 - (-24 + 51 + 57)?
62
Evaluate 5 + (614 - 628) + (29 - (-3 + 4)).
19
(125 - 189) + (8 - -101)
45
What is the value of 96 + (25 - (148 - 120))?
93
What is the value of 63 + -45 + -142 - -104?
-20
What is the value of -38 + (-3 - (-2 + -4 + -7 + 12) - -9)?
-31
167 + -144 + (-6 - ((-32 - -3) + 6))
40
What is the value of 6 + -2 + 7 + -11 + (-4 - -13) + 11?
20
Evaluate 8 + (7 - 27 - -49) + (5 - 24).
18
What is the value of 12 + (-10 - -9) - (-16 - 69 - 16)?
112
Evaluate (-48 + -11 - 6) + 133.
68
Evaluate (4 - 1) + (46 + -29 - (-7 - -2)).
25
Evaluate -2 + 92 - (87 + (-42 - 31) - (23 - -2)).
101
Calculate 10 + -9 + (1 + 18 - 3) + -78.
-61
Evaluate (15 - 0) + 1336 + -1360 + (0 + 84 - 0).
75
What is -1 + 3 + (-25 - (-23 - -8) - 2) + -112?
-122
Calculate -23 + 12 + -6 - -7 - (-56 + 6).
40
Evaluate 55 - (-3 - (5 + -3)).
60
What is (-18 + 9 + -17 - (1 - (-3 + -6))) + 3?
-33
-14 + (69 - (14 + 41))
0
24 - (-126 - -127) - (57 + 0)
-34
Evaluate (-437 - -488) + 3 + 3 + -5.
52
What is -2669 + 2671 + -46 + -1 + 2 + (4 - 4)?
-43
What is -13 + (11 - (1 - (10 - 19)) - -9) + -8?
-11
2 + 78 + -2 + 0 + -34321 + 34333
90
What is -95 - (-10 + 2) - (21 + -41)?
-67
-3 - 0 - ((0 - 79) + 19)
57
-52 - (53 + -87) - 21
-39
Calculate -10 + (-53 - ((-7 - (-23 + 13)) + -1 - 9)).
-56
Calculate 4 - -21 - (7 + 55 + 14).
-51
26 + -53 + (-41 - -43)
-25
What is -76 + (264 - 75) + -41?
72
67 + (1 + 7 + 0 - (-261 + 132 + 138))
66
Calculate -22 + (6 - (-26 + 17) - 23 - 6).
-36
What is the value of 22 + -1 - (3 + (76 - 36 - 47))?
25
What is -155 + 91 + 0 + 3 - (2 - -13)?
-76
What is 71 + (8 + 14 - -14 - 67)?
40
What is (-5856 - -5911) + 5 + -1?
59
26 - (29 + (-12 - -15)) - (0 + (-5 - 1))
0
Evaluate -4985 - -4985 - (-4 - -1).
3
Calculate 2 + -3 - (1790 - 1848).
57
Evaluate (-107 - -232) + -140 + -62 + 7.
-70
55 + (0 - (-6 - -4) - (-19 - -32)) + 6
50
Evaluate 5 + 4 - -2 - (1 + -11 - -7).
14
30 + -58 + (-12 - -1